rime?
False
Is 2072068343 a composite number?
False
Is 3493151659 composite?
False
Is 26561920111 composite?
False
Is 494157137 a prime number?
False
Is 878781913 composite?
True
Is 741326237 composite?
False
Is 12278295989 composite?
False
Is 3066995461 a composite number?
False
Is 630912791 a prime number?
False
Is 13190517881 a prime number?
True
Is 34800463741 composite?
False
Is 368770993 a prime number?
False
Is 141757000697 composite?
True
Is 5775404395 a composite number?
True
Is 50184168413 a prime number?
False
Is 5881624543 composite?
False
Is 7855642981 a composite number?
False
Is 211829513 a prime number?
False
Is 225997823 composite?
True
Is 2661404557 composite?
True
Is 5589403541 prime?
True
Is 344814739 a composite number?
False
Is 6363534991 prime?
False
Is 1948221751 a prime number?
False
Is 936539927 a composite number?
False
Is 2335675039 prime?
True
Is 758677981169 prime?
True
Is 311909469067 a prime number?
False
Is 6258106642 composite?
True
Is 803341837 composite?
True
Is 43889611547 composite?
True
Is 825092753 prime?
True
Is 17450927107 a composite number?
False
Is 10970124215 a prime number?
False
Is 1352143043 prime?
False
Is 653069829 a composite number?
True
Is 1016454311 composite?
True
Is 2016466853 a composite number?
False
Is 1708964573 prime?
False
Is 3885200851 composite?
True
Is 335910208331 a composite number?
True
Is 4896124283 composite?
True
Is 13707210463 composite?
True
Is 127079717539 prime?
True
Is 3420145447 a prime number?
False
Is 22252557073 prime?
False
Is 368863771 composite?
False
Is 36647401921 composite?
True
Is 33811498183 a composite number?
False
Is 23570723 composite?
True
Is 2580341149 a prime number?
False
Is 29907773641 prime?
False
Is 923141627 a prime number?
True
Is 128904581321 composite?
False
Is 14543074853 composite?
True
Is 4166135177 prime?
True
Is 2697095419 prime?
False
Is 1366925709 composite?
True
Is 837054923 a composite number?
False
Is 14700958735 prime?
False
Is 29797121749 a composite number?
True
Is 2826062501 composite?
False
Is 1169859443 prime?
True
Is 24674910697 a prime number?
False
Is 6326044061 prime?
True
Is 26852270519 a prime number?
False
Is 696696211 prime?
True
Is 311830199 a prime number?
True
Is 24879865441 a composite number?
True
Is 199784399 a prime number?
True
Is 429266501 prime?
False
Is 67640669737 composite?
True
Is 92515109 a composite number?
False
Is 107807971 a prime number?
True
Is 63794409803 a composite number?
False
Is 275301517 composite?
False
Is 1505625161 composite?
True
Is 49353869 a prime number?
True
Is 23096059647 a prime number?
False
Is 44218303549 composite?
True
Is 87461323591 a prime number?
False
Is 1887884939 prime?
False
Is 59029732183 prime?
False
Is 152908783879 prime?
True
Is 14313542273 a composite number?
False
Is 2676220109 a prime number?
True
Is 124021053745 a prime number?
False
Is 6454391709 a composite number?
True
Is 16550432293 a composite number?
True
Is 11279886139 prime?
False
Is 12438569861 prime?
False
Is 36209587 a composite number?
True
Is 754977823 composite?
False
Is 257037959 a composite number?
False
Is 1104358327 composite?
False
Is 1108682359 composite?
False
Is 6878616837 composite?
True
Is 6499361087 composite?
True
Is 125307318793 a composite number?
True
Is 2074321021 prime?
True
Is 121936635907 composite?
True
Is 58823378573 prime?
True
Is 27389547173 composite?
False
Is 1007656259 prime?
True
Is 716336167 a prime number?
True
Is 1715554483 a prime number?
True
Is 277447351 a composite number?
False
Is 4411888457 composite?
True
Is 1034162929 a prime number?
False
Is 611613257 a composite number?
False
Is 555726433 a composite number?
True
Is 29665844269 a prime number?
True
Is 62326231 a composite number?
True
Is 294209897 a prime number?
True
Is 11154186647 composite?
True
Is 648257633 prime?
True
Is 110239699259 a composite number?
True
Is 217321427 composite?
False
Is 369416747 a composite number?
True
Is 152601013 prime?
True
Is 68174770877 a prime number?
False
Is 31811900183 composite?
True
Is 40719342927 a prime number?
False
Is 8919629833 a composite number?
True
Is 13357640039 composite?
False
Is 98214755719 composite?
True
Is 1879027307 a prime number?
True
Is 620498663 a composite number?
False
Is 126383819 composite?
False
Is 2957606621 a composite number?
False
Is 8933612291 a composite number?
False
Is 6221600827 a composite number?
True
Is 414981055 prime?
False
Is 4147257613 a composite number?
True
Is 76496099 composite?
False
Is 5638730827 a composite number?
False
Is 11219993353 a prime number?
False
Is 29479134449 prime?
True
Is 2740855219 composite?
False
Is 2163476027 composite?
True
Is 4729040203 a prime number?
True
Is 1263168293 a prime number?
False
Is 7237405671 a prime number?
False
Is 2295621637 a composite number?
False
Is 2941543289 composite?
True
Is 3141399803 composite?
True
Is 49250129 prime?
False
Is 134931682789 a composite number?
True
Is 46219385 prime?
False
Is 1330912183 prime?
False
Is 2619301273 a prime number?
True
Is 4533114097 prime?
False
Is 600180211 prime?
True
Is 51436976561 a prime number?
False
Is 19619749141 composite?
False
Is 8274838139 a prime number?
True
Is 569240887 composite?
False
Is 862987723 a prime number?
False
Is 688300889 prime?
True
Is 9216530233 a prime number?
False
Is 76704783523 composite?
False
Is 4367209757 a prime number?
False
Is 51216157483 composite?
False
Is 610636469 composite?
False
Is 23078608997 composite?
False
Is 140547928637 a composite number?
False
Is 19400667973 a composite number?
False
Is 9271308021 a prime number?
False
Is 529501199 prime?
True
Is 7823655857 a prime number?
True
Is 591996443 prime?
False
Is 673988033 composite?
True
Is 209812567 prime?
True
Is 1310833933 a composite number?
False
Is 3838569121 a composite number?
True
Is 7268704211 a composite number?
False
Is 1338469129 prime?
False
Is 23392251257 a prime number?
True
Is 16080338747 prime?
False
Is 7344445547 prime?
False
Is 26767885229 a prime number?
True
Is 2331775733 a composite number?
True
Is 8716603003 prime?
True
Is 2116263767 composite?
False
Is 13516127579 composite?
False
Is 15561492211 a composite number?
True
Is 345478277 a prime number?
False
Is 108817421 a prime number?
False
Is 60252542593 a composite number?
False
Is 4450415483 a composite number?
False
Is 1515823535 composite?
True
Is 7266143009 prime?
False
Is 2282123329 composite?
True
Is 12364201331 a composite number?
True
Is 1911011651 a composite number?
True
Is 10421504609 prime?
True
Is 2983575521 a composite number?
True
Is 2511235307 a composite number?
True
Is 2501784223 a composite number?
False
Is 178180617605 a prime number?
False
Is 32633094653 a prime number?
False
Is 343205621 a prime number?
False
Is 42268573114 a prime number?
False
Is 1121670679 prime?
False
Is 11269143385 a composite number?
True
Is 52762077419 a composite number?
False
Is 21912848527 prime?
False
Is 557632177 a composite number?
False
Is 12648076319 prime?
True
Is 2016033869 prime?
True
Is 1474917321 a prime number?
False
Is 129932726311 a composite number?
False
Is 3859258729 a prime number?
False
Is 612529511 prime?
False
Is 15107957729 prime?
True
Is 49266145459 a prime number?
False
Is 162143921 a prime number?
True
Is 9742965497 a composite number?
False
Is 134636732499 prime?
False
Is 93255103 a composite number?
False
Is 2051832129 a prime number?
False
Is 76204277 prime?
False
Is 7381536619 composite?
True
Is 8647061285 prime?
False
Is 122569753 a prime number?
False
Is 1359309527 a composite number?
False
Is 12127628971 a composite number?
True
Is 83944296167 a composite number?
False
Is 30153660913 a composite number?
True
Is 13908334399 prime?
True
Is 2404796561 a prime number?
True
Is 313381909 composite?
False
Is 2230529033 composite?
False
Is 6701544463 a prime number?
True
Is 142493509 prime?
False
Is 2246523893 a composite number?
False
Is 761861593 composite?
False
Is 11726116609 composite?
False
Is 1095215189 a composite number?
True
Is 5180092387 composite?
False
Is 4037926397 a composite number?
False
Is 13570681991 a prime number?
True
Is 3497640617 composite?
False
Is 10442320687 composite?
False
Is 17548668167 composite?
False
Is 1860376549 co